{"id":286,"date":"2016-10-31T13:17:59","date_gmt":"2016-10-31T16:17:59","guid":{"rendered":"https:\/\/ifdcpaez-lrj.infd.edu.ar\/sitio\/?page_id=286"},"modified":"2025-11-19T15:30:34","modified_gmt":"2025-11-19T18:30:34","slug":"inicio","status":"publish","type":"page","link":"https:\/\/ifdcpaez-lrj.infd.edu.ar\/sitio\/","title":{"rendered":"Inicio"},"content":{"rendered":"\n<style>\n    \/* Estilos para el bloque *\/\n    .novedades {\n      background-color: #FFA500;\n      padding: 15px;\n      border-radius: 15px;\n      text-align: center;\n      width: 90%;\n      height: 20px;\n      margin: 0 auto;\n    }\n  <\/style>\n\n\n  <div class=\"novedades\">\n\n    \n\n \n  <\/div>\n\n\n\n<div class=\"wp-block-columns is-layout-flex wp-container-2\">\n<div class=\"wp-block-column is-layout-flow\">\n<p><\/p>\n\n\n\n<p><strong>Instituto Superior de Formaci\u00f3n Docente y T\u00e9cnico <\/strong><\/p>\n\n\n\n<p>\u00abDr. Eusebio N. P\u00e1ez\u00bb &#8211; Villa Uni\u00f3n &#8211; La Rioja<\/p>\n\n\n\n<p>Facebook: <a href=\"https:\/\/www.facebook.com\/isfdyteusebionpaez?__cft__[0]=AZVbOnQ8nIuNDsm0-Cd1n9MCqRcB1YwH5w9JId1AbcFVAO0avEq0z6kwuDW5f6yrK49Be8wn-kPqd6oI91Ruyfhx4a60AlpEMFkZbH_vmLwJ4gf_sHUZamrW8T4CWobepzrRbxu9R7kjoVlNl7qTUN8gFTsGCi96GiTrWW0Y9B6FsA&amp;__tn__=-]K-R\">https:\/\/www.facebook.com\/isfdyteusebionpaez<\/a><\/p>\n\n\n\n<p>Instagram: <a rel=\"noreferrer noopener\" href=\"https:\/\/www.instagram.com\/isfdyteusebionpaez?fbclid=IwZXh0bgNhZW0CMTAAAR2shEplfd702d4HVFZ996_70DKfzArhL_-jtd_k072Mt8csjw7pqFbb3HA_aem_9_gxr3GyGaTnCt2rNNTOKQ\" target=\"_blank\">https:\/\/www.instagram.com\/isfdyteusebionpaez<\/a><\/p>\n\n\n\n<p>Ante cualquier consulta, puede enviar un mail a :<\/p>\n\n\n\n<p>isfdyteusebionpaez@gmail.com<\/p>\n\n\n\n<p><\/p>\n\n\n\n<p><\/p>\n\n\n\n<p><\/p>\n<\/div>\n<\/div>\n\n\n\n<hr class=\"wp-block-separator has-alpha-channel-opacity\"\/>\n\n\n\n<div class=\"wp-block-columns is-layout-flex wp-container-6\">\n<div class=\"wp-block-column is-layout-flow\">\n<p><strong>Profesorado de Lengua y Literatura<\/strong><\/p>\n\n\n\n<p><\/p>\n\n\n\n<p><\/p>\n<\/div>\n\n\n\n<div class=\"wp-block-column is-layout-flow\">\n<p><strong>Tecnicatura Superior en Actividades de Monta\u00f1a Gu\u00eda de Trekking en Cordillera<\/strong><\/p>\n\n\n\n<p><\/p>\n\n\n\n<p><\/p>\n<\/div>\n\n\n\n<div class=\"wp-block-column is-layout-flow\">\n<p><strong>Tecnicatura Superior en Energ\u00eda Solar<\/strong><\/p>\n\n\n\n<p><\/p>\n\n\n\n<p><\/p>\n<\/div>\n<\/div>\n\n\n\n<div class=\"wp-block-columns is-layout-flex wp-container-16\">\n<div class=\"wp-block-column is-layout-flow\">\n<figure class=\"wp-block-gallery has-nested-images columns-default is-cropped wp-block-gallery-7 is-layout-flex\"><\/figure>\n<\/div>\n\n\n\n<div class=\"wp-block-column is-layout-flow\">\n<figure class=\"wp-block-gallery has-nested-images columns-default is-cropped wp-block-gallery-10 is-layout-flex\"><\/figure>\n<\/div>\n\n\n\n<div class=\"wp-block-column is-layout-flow\">\n<figure class=\"wp-block-gallery has-nested-images columns-default is-cropped wp-block-gallery-13 is-layout-flex\"><\/figure>\n<\/div>\n<\/div>\n\n\n\n<hr class=\"wp-block-separator has-alpha-channel-opacity\"\/>\n\n\n\n<title>Mi P\u00e1gina Web<\/title>\n  <style>\n    \/* Estilos para el bloque *\/\n    .novedades {\n      background-color: #FFA500;\n      padding: 15px;\n      border-radius: 15px;\n      text-align: center;\n      width: 90%;\n      height: 30px;\n      margin: 0 auto;\n    }\n  <\/style>\n\n\n  <div class=\"novedades\">\n    <h2> <marquee> Novedades Institucionales <\/marquee> <\/h2>\n\n\n \n  <\/div>\n\n\n\n<div style=\"height:10px\" aria-hidden=\"true\" class=\"wp-block-spacer\"><\/div>\n\n\n\n<div class=\"wp-block-columns is-layout-flex wp-container-20\">\n<div class=\"wp-block-column is-layout-flow\" style=\"flex-basis:33.33%\">\n<figure class=\"wp-duotone-rgba3126104095-ccc-17 wp-block-image is-resized\"><img decoding=\"async\" loading=\"lazy\" src=\"https:\/\/ifdcpaez-lrj.infd.edu.ar\/sitio\/wp-content\/uploads\/2024\/12\/A-1-878x1900.jpg\" alt=\"\" class=\"wp-image-2795\" width=\"329\" height=\"708\"\/><\/figure>\n<\/div>\n\n\n\n<div class=\"wp-block-column is-layout-flow\" style=\"flex-basis:66.66%\">\n<iframe loading=\"lazy\" src=\"https:\/\/www.facebook.com\/plugins\/page.php?href=https%3A%2F%2Fwww.facebook.com%2Fprofile.php%3Fid%3D100063941146112&#038;tabs=timeline&#038;width=1240&#038;height=710&#038;small_header=true&#038;adapt_container_width=true&#038;hide_cover=true&#038;show_facepile=true&#038;appId\" width=\"1240\" height=\"710\" style=\"border:none;overflow:hidden\" scrolling=\"no\" frameborder=\"0\" allowfullscreen=\"true\" allow=\"autoplay; clipboard-write; encrypted-media; picture-in-picture; web-share\"><\/iframe>\n<\/div>\n<\/div>\n\n\n\n<hr class=\"wp-block-separator has-alpha-channel-opacity\"\/>\n\n\n\n<div class=\"wp-block-columns is-layout-flex wp-container-24\">\n<div class=\"wp-block-column is-vertically-aligned-center is-layout-flow\">\n<!DOCTYPE html>\n<html>\n<head>\n  <title>Cuadrado con Imagen y Link<\/title>\n<style>\n    .square1 {\n      width: 200px; \/* Ancho del cuadrado *\/\n      height: 200px; \/* Alto del cuadrado *\/\n      background-color: #FF0000; \/* Color verde manzana *\/\n      border-radius: 10px; \/* Radio de los bordes redondeados *\/\n      display: flex; \/* Para centrar la imagen y el link *\/\n      justify-content: center;\n      align-items: center;\n      text-align: center;\n    }\n\n    .square1 img {\n      max-width: 100%; \/* Ajusta la imagen al ancho del cuadrado *\/\n      max-height: 100%; \/* Ajusta la imagen al alto del cuadrado *\/\n    }\n\n    .square1 a {\n      display: block; \/* Ocupa todo el espacio del cuadrado *\/\n      text-decoration: none; \/* Quita el subrayado del link *\/\n      color: #000; \/* Color del texto del link *\/\n    }\n  <\/style>\n<\/head>\n<body>\n\n  <div class=\"square1\">\n    <img decoding=\"async\" src=\"tu-imagen.jpg\" alt=\"Imagen del cuadrado\">\n    <a href=\"https:\/\/www.facebook.com\/isfdyteusebionpaez\">Ir a la p\u00e1gina web<\/a>\n  <\/div>\n<\/body>\n<\/html>\n<\/div>\n\n\n\n<div class=\"wp-block-column is-vertically-aligned-center is-layout-flow\">\n<style>\n    .square2 {\n      width: 200px; \/* Ancho del cuadrado *\/\n      height: 200px; \/* Alto del cuadrado *\/\n      background-color: #00FF00; \/* Color verde manzana *\/\n      border-radius: 10px; \/* Radio de los bordes redondeados *\/\n      display: flex; \/* Para centrar la imagen y el link *\/\n      justify-content: center;\n      align-items: center;\n      text-align: center;\n    }\n\n    .square2 img {\n      max-width: 100%; \/* Ajusta la imagen al ancho del cuadrado *\/\n      max-height: 100%; \/* Ajusta la imagen al alto del cuadrado *\/\n    }\n\n    .square2 a {\n      display: block; \/* Ocupa todo el espacio del cuadrado *\/\n      text-decoration: none; \/* Quita el subrayado del link *\/\n      color: #000; \/* Color del texto del link *\/\n    }\n  <\/style>\n<\/head>\n<body>\n\n  <div class=\"square2\">\n    <img decoding=\"async\" src=\"tu-imagen.jpg\" alt=\"Imagen del cuadrado\">\n    <a href=\"https:\/\/www.facebook.com\/isfdyteusebionpaez\">Ir a la p\u00e1gina web<\/a>\n  <\/div>\n<\/div>\n\n\n\n<div class=\"wp-block-column is-vertically-aligned-center is-layout-flow\">\n<style>\n    .square3 {\n      width: 200px; \/* Ancho del cuadrado *\/\n      height: 200px; \/* Alto del cuadrado *\/\n      background-color: #0000FF; \/* Color verde manzana *\/\n      border-radius: 10px; \/* Radio de los bordes redondeados *\/\n      display: flex; \/* Para centrar la imagen y el link *\/\n      justify-content: center;\n      align-items: center;\n      text-align: center;\n    }\n\n    .square3 img {\n      max-width: 100%; \/* Ajusta la imagen al ancho del cuadrado *\/\n      max-height: 100%; \/* Ajusta la imagen al alto del cuadrado *\/\n    }\n\n    .square3 a {\n      display: block; \/* Ocupa todo el espacio del cuadrado *\/\n      text-decoration: none; \/* Quita el subrayado del link *\/\n      color: #000; \/* Color del texto del link *\/\n    }\n  <\/style>\n<\/head>\n<body>\n\n  <div class=\"square3\">\n    <img decoding=\"async\" src=\"tu-imagen.jpg\" alt=\"Imagen del cuadrado\">\n    <a href=\"https:\/\/www.facebook.com\/isfdyteusebionpaez\">Ir a la p\u00e1gina web<\/a>\n  <\/div>\n<\/div>\n<\/div>\n","protected":false},"excerpt":{"rendered":"<p>Instituto Superior de Formaci\u00f3n Docente y T\u00e9cnico \u00abDr. Eusebio N. P\u00e1ez\u00bb &#8211; Villa Uni\u00f3n &#8211; La Rioja Facebook: https:\/\/www.facebook.com\/isfdyteusebionpaez Instagram: https:\/\/www.instagram.com\/isfdyteusebionpaez Ante cualquier consulta, puede enviar un mail a : isfdyteusebionpaez@gmail.com Profesorado de Lengua y Literatura Tecnicatura Superior en Actividades de Monta\u00f1a Gu\u00eda de Trekking en Cordillera Tecnicatura Superior en Energ\u00eda Solar Mi P\u00e1gina Web &#8230; <a title=\"Inicio\" class=\"read-more\" href=\"https:\/\/ifdcpaez-lrj.infd.edu.ar\/sitio\/\" aria-label=\"More on Inicio\">[+]<\/a><\/p>\n","protected":false},"author":702,"featured_media":0,"parent":0,"menu_order":0,"comment_status":"closed","ping_status":"closed","template":"","meta":[],"acf":[],"_links":{"self":[{"href":"https:\/\/ifdcpaez-lrj.infd.edu.ar\/sitio\/wp-json\/wp\/v2\/pages\/286"}],"collection":[{"href":"https:\/\/ifdcpaez-lrj.infd.edu.ar\/sitio\/wp-json\/wp\/v2\/pages"}],"about":[{"href":"https:\/\/ifdcpaez-lrj.infd.edu.ar\/sitio\/wp-json\/wp\/v2\/types\/page"}],"author":[{"embeddable":true,"href":"https:\/\/ifdcpaez-lrj.infd.edu.ar\/sitio\/wp-json\/wp\/v2\/users\/702"}],"replies":[{"embeddable":true,"href":"https:\/\/ifdcpaez-lrj.infd.edu.ar\/sitio\/wp-json\/wp\/v2\/comments?post=286"}],"version-history":[{"count":698,"href":"https:\/\/ifdcpaez-lrj.infd.edu.ar\/sitio\/wp-json\/wp\/v2\/pages\/286\/revisions"}],"predecessor-version":[{"id":2911,"href":"https:\/\/ifdcpaez-lrj.infd.edu.ar\/sitio\/wp-json\/wp\/v2\/pages\/286\/revisions\/2911"}],"wp:attachment":[{"href":"https:\/\/ifdcpaez-lrj.infd.edu.ar\/sitio\/wp-json\/wp\/v2\/media?parent=286"}],"curies":[{"name":"wp","href":"https:\/\/api.w.org\/{rel}","templated":true}]}}

<style>
    /* Estilos para el bloque */
    .novedades {
      background-color: #FFA500;
      padding: 15px;
      border-radius: 15px;
      text-align: center;
      width: 90%;
      height: 20px;
      margin: 0 auto;
    }
  </style>


  <div class="novedades">

    

 
  </div>



<div class="wp-block-columns is-layout-flex wp-container-2">
<div class="wp-block-column is-layout-flow">
<p></p>



<p><strong>Instituto Superior de Formación Docente y Técnico </strong></p>



<p>«Dr. Eusebio N. Páez» &#8211; Villa Unión &#8211; La Rioja</p>



<p>Facebook: <a href="https://www.facebook.com/isfdyteusebionpaez?__cft__[0]=AZVbOnQ8nIuNDsm0-Cd1n9MCqRcB1YwH5w9JId1AbcFVAO0avEq0z6kwuDW5f6yrK49Be8wn-kPqd6oI91Ruyfhx4a60AlpEMFkZbH_vmLwJ4gf_sHUZamrW8T4CWobepzrRbxu9R7kjoVlNl7qTUN8gFTsGCi96GiTrWW0Y9B6FsA&amp;__tn__=-]K-R">https://www.facebook.com/isfdyteusebionpaez</a></p>



<p>Instagram: <a rel="noreferrer noopener" href="https://www.instagram.com/isfdyteusebionpaez?fbclid=IwZXh0bgNhZW0CMTAAAR2shEplfd702d4HVFZ996_70DKfzArhL_-jtd_k072Mt8csjw7pqFbb3HA_aem_9_gxr3GyGaTnCt2rNNTOKQ" target="_blank">https://www.instagram.com/isfdyteusebionpaez</a></p>



<p>Ante cualquier consulta, puede enviar un mail a :</p>



<p>isfdyteusebionpaez@gmail.com</p>



<p></p>



<p></p>



<p></p>
</div>
</div>



<hr class="wp-block-separator has-alpha-channel-opacity"/>



<div class="wp-block-columns is-layout-flex wp-container-6">
<div class="wp-block-column is-layout-flow">
<p><strong>Profesorado de Lengua y Literatura</strong></p>



<p></p>



<p></p>
</div>



<div class="wp-block-column is-layout-flow">
<p><strong>Tecnicatura Superior en Actividades de Montaña Guía de Trekking en Cordillera</strong></p>



<p></p>



<p></p>
</div>



<div class="wp-block-column is-layout-flow">
<p><strong>Tecnicatura Superior en Energía Solar</strong></p>



<p></p>



<p></p>
</div>
</div>



<div class="wp-block-columns is-layout-flex wp-container-16">
<div class="wp-block-column is-layout-flow">
<figure class="wp-block-gallery has-nested-images columns-default is-cropped wp-block-gallery-7 is-layout-flex"></figure>
</div>



<div class="wp-block-column is-layout-flow">
<figure class="wp-block-gallery has-nested-images columns-default is-cropped wp-block-gallery-10 is-layout-flex"></figure>
</div>



<div class="wp-block-column is-layout-flow">
<figure class="wp-block-gallery has-nested-images columns-default is-cropped wp-block-gallery-13 is-layout-flex"></figure>
</div>
</div>



<hr class="wp-block-separator has-alpha-channel-opacity"/>



<title>Mi Página Web</title>
  <style>
    /* Estilos para el bloque */
    .novedades {
      background-color: #FFA500;
      padding: 15px;
      border-radius: 15px;
      text-align: center;
      width: 90%;
      height: 30px;
      margin: 0 auto;
    }
  </style>


  <div class="novedades">
    <h2> <marquee> Novedades Institucionales </marquee> </h2>


 
  </div>



<div style="height:10px" aria-hidden="true" class="wp-block-spacer"></div>



<div class="wp-block-columns is-layout-flex wp-container-20">
<div class="wp-block-column is-layout-flow" style="flex-basis:33.33%">
<figure class="wp-duotone-rgba3126104095-ccc-17 wp-block-image is-resized"><img decoding="async" loading="lazy" src="https://ifdcpaez-lrj.infd.edu.ar/sitio/wp-content/uploads/2024/12/A-1-878x1900.jpg" alt="" class="wp-image-2795" width="329" height="708"/></figure>
</div>



<div class="wp-block-column is-layout-flow" style="flex-basis:66.66%">
<iframe loading="lazy" src="https://www.facebook.com/plugins/page.php?href=https%3A%2F%2Fwww.facebook.com%2Fprofile.php%3Fid%3D100063941146112&#038;tabs=timeline&#038;width=1240&#038;height=710&#038;small_header=true&#038;adapt_container_width=true&#038;hide_cover=true&#038;show_facepile=true&#038;appId" width="1240" height="710" style="border:none;overflow:hidden" scrolling="no" frameborder="0" allowfullscreen="true" allow="autoplay; clipboard-write; encrypted-media; picture-in-picture; web-share"></iframe>
</div>
</div>



<hr class="wp-block-separator has-alpha-channel-opacity"/>



<div class="wp-block-columns is-layout-flex wp-container-24">
<div class="wp-block-column is-vertically-aligned-center is-layout-flow">
<!DOCTYPE html>
<html>
<head>
  <title>Cuadrado con Imagen y Link</title>
<style>
    .square1 {
      width: 200px; /* Ancho del cuadrado */
      height: 200px; /* Alto del cuadrado */
      background-color: #FF0000; /* Color verde manzana */
      border-radius: 10px; /* Radio de los bordes redondeados */
      display: flex; /* Para centrar la imagen y el link */
      justify-content: center;
      align-items: center;
      text-align: center;
    }

    .square1 img {
      max-width: 100%; /* Ajusta la imagen al ancho del cuadrado */
      max-height: 100%; /* Ajusta la imagen al alto del cuadrado */
    }

    .square1 a {
      display: block; /* Ocupa todo el espacio del cuadrado */
      text-decoration: none; /* Quita el subrayado del link */
      color: #000; /* Color del texto del link */
    }
  </style>
</head>
<body>

  <div class="square1">
    <img decoding="async" src="tu-imagen.jpg" alt="Imagen del cuadrado">
    <a href="https://www.facebook.com/isfdyteusebionpaez">Ir a la página web</a>
  </div>
</body>
</html>
</div>



<div class="wp-block-column is-vertically-aligned-center is-layout-flow">
<style>
    .square2 {
      width: 200px; /* Ancho del cuadrado */
      height: 200px; /* Alto del cuadrado */
      background-color: #00FF00; /* Color verde manzana */
      border-radius: 10px; /* Radio de los bordes redondeados */
      display: flex; /* Para centrar la imagen y el link */
      justify-content: center;
      align-items: center;
      text-align: center;
    }

    .square2 img {
      max-width: 100%; /* Ajusta la imagen al ancho del cuadrado */
      max-height: 100%; /* Ajusta la imagen al alto del cuadrado */
    }

    .square2 a {
      display: block; /* Ocupa todo el espacio del cuadrado */
      text-decoration: none; /* Quita el subrayado del link */
      color: #000; /* Color del texto del link */
    }
  </style>
</head>
<body>

  <div class="square2">
    <img decoding="async" src="tu-imagen.jpg" alt="Imagen del cuadrado">
    <a href="https://www.facebook.com/isfdyteusebionpaez">Ir a la página web</a>
  </div>
</div>



<div class="wp-block-column is-vertically-aligned-center is-layout-flow">
<style>
    .square3 {
      width: 200px; /* Ancho del cuadrado */
      height: 200px; /* Alto del cuadrado */
      background-color: #0000FF; /* Color verde manzana */
      border-radius: 10px; /* Radio de los bordes redondeados */
      display: flex; /* Para centrar la imagen y el link */
      justify-content: center;
      align-items: center;
      text-align: center;
    }

    .square3 img {
      max-width: 100%; /* Ajusta la imagen al ancho del cuadrado */
      max-height: 100%; /* Ajusta la imagen al alto del cuadrado */
    }

    .square3 a {
      display: block; /* Ocupa todo el espacio del cuadrado */
      text-decoration: none; /* Quita el subrayado del link */
      color: #000; /* Color del texto del link */
    }
  </style>
</head>
<body>

  <div class="square3">
    <img decoding="async" src="tu-imagen.jpg" alt="Imagen del cuadrado">
    <a href="https://www.facebook.com/isfdyteusebionpaez">Ir a la página web</a>
  </div>
</div>
</div>

<p>Instituto Superior de Formación Docente y Técnico «Dr. Eusebio N. Páez» &#8211; Villa Unión &#8211; La Rioja Facebook: https://www.facebook.com/isfdyteusebionpaez Instagram: https://www.instagram.com/isfdyteusebionpaez Ante cualquier consulta, puede enviar un mail a : isfdyteusebionpaez@gmail.com Profesorado de Lengua y Literatura Tecnicatura Superior en Actividades de Montaña Guía de Trekking en Cordillera Tecnicatura Superior en Energía Solar Mi Página Web &#8230; <a title="Inicio" class="read-more" href="https://ifdcpaez-lrj.infd.edu.ar/sitio/" aria-label="More on Inicio">[+]</a></p>
